f - 8, f = g + 4. Let x be 230/(-6) + g/6. Let s = -23 - x. List the prime factors of s.
2
Let m = -8 - -6. Suppose -s = 2*h + 18, 3*h = -10 + 1. What are the prime factors of (138/s)/(m/4)?
23
Let v = -16 - -27. Let d = -5 + v. Suppose -d*y - 3 + 117 = 0. List the prime factors of y.
19
Let x(y) = 202*y + 683. What are the prime factors of x(26)?
5, 1187
Let m(g) = g**2 - 2*g - 3. Let t be m(-3). List the prime factors of -1*3/t*-14*26.
7, 13
Let a = -2938 + 5274. What are the prime factors of a?
2, 73
Let f be (-2 - -5) + 3*3. Suppose 0 = 4*z + 4*y + 8, -8 - f = -5*y. Let c(v) = 2*v**2 + 9*v + 5. What are the prime factors of c(z)?
23
What are the prime factors of 38 - 5/(30/18)?
5, 7
Suppose -u + 2584 = -2*k, -4*k - 6154 = -4*u + 4178. List the prime factors of u.
2, 1291
Suppose -2*z + 2*p = 74, -3*z - p - 123 = -0*z. Let d be -5 + 0 + 3 - -81. Let j = z + d. What are the prime factors of j?
3, 13
Let v = 8 + -6. Suppose v*c = -2*c. Suppose -3*n - n + 120 = c. What are the prime factors of n?
2, 3, 5
Let h be -9*(2/(-6) + 1). Let u = 9 + h. Suppose j = -u*j + 128. What are the prime factors of j?
2
Let b(l) = l**2 + 13*l + 8. List the prime factors of b(21).
2, 19
Let o = 59 + -12. Suppose -4*s + o = -333. Suppose 0 = -n + 6*n - 4*f - s, n + 5*f = 48. List the prime factors of n.
23
Suppose 9*z - 4*z = -4*x + 31, -22 = -4*x - 2*z. Suppose l = 5*w - 22, x*w - 5*l = 9 + 17. Suppose 0 = -w*q - q + 115. What are the prime factors of q?
23
Let w(b) = -b - 6. Let m be w(-6). Let a(x) = -1 + m*x + 2*x - 5. What are the prime factors of a(6)?
2, 3
Let t(q) be the second derivative of q**3 - 12*q**2 + 14*q. What are the prime factors of t(9)?
2, 3, 5
Let r(l) = -l**3 - 10*l**2 - l - 1. Let d be r(-10). Suppose 4*w = d*w - 30. Suppose 5*a = w*a - 18. What are the prime factors of a?
2, 3
Let t(x) = -x - 3. Let r be t(-3). Suppose 3*d + 5*g - 152 = 2*d, -3*d + 4*g + 475 = r. What are the prime factors of d?
157
Let r be -2 - (1 - 2)*9. Suppose -r*l - 31 = -101. Suppose 5*k - 5*h - 55 = -l*h, 5*k - 35 = -h. List the prime factors of k.
2, 3
Let z be 18/14 - 6/21. Suppose -2*v + 5*w = 5 - z, 4 = -2*v - 4*w. List the prime factors of 8*-8*1/v.
2
Let o = -95 - -292. What are the prime factors of o?
197
What are the prime factors of -3*(-284 + -1 + 2)?
3, 283
Suppose 2*v - 12558 = -19*v. List the prime factors of v.
2, 13, 23
Let s = 61 + -61. What are the prime factors of (s + 2)*(-875)/(-14)?
5
Suppose -19*p + 18*p - 31 = 0. Let n = p + -19. Let k = n - -86. What are the prime factors of k?
2, 3
Let f be (-68)/(-18) + (-6)/(-27). Suppose 5*g + 261 = 3*w, f*g = 3*w - 151 - 107. List the prime factors of w.
2, 41
Let l(w) = 6*w + 36. Let h be l(11). Suppose -n + 2 = 2*x - 66, -h = -3*x + 5*n. List the prime factors of x.
2, 17
Let c = -53 - 71. Let z = -70 - c. What are the prime factors of z?
2, 3
Suppose -2*z + 0*z = -8. Suppose -4*b - o = -b - 198, -3*b - z*o = -198. List the prime factors of b.
2, 3, 11
Let n(i) = i**2 + 14*i + 39. What are the prime factors of n(14)?
431
Suppose -4*q - 36 = 12. List the prime factors of (-304)/(-6) - q/36.
3, 17
Let h = -389 - -962. Suppose -h = -5*l - 128. What are the prime factors of l?
89
Suppose x + 5 - 8 = 0. Suppose -2*j = x*j - 800. What are the prime factors of j?
2, 5
Let t = -8 + 24. Let g(h) = h**2 - 6*h - 1. Let p be g(8). Suppose 3*d + 131 = 4*f, -f - d + t + p = 0. List the prime factors of f.
2
Let n = 5 + 23. Suppose -3 = -r + 1, 2*v - 5*r = n. What are the prime factors of v?
2, 3
Suppose 14*a + 8*a = 9900. What are the prime factors of a?
2, 3, 5
Suppose 29*y - 30*y + 76 = 0. Let l = y - 25. List the prime factors of l.
3, 17
Let m(n) = 2*n**2 - 4*n + 30. What are the prime factors of m(-11)?
2, 79
Let h(m) = -m**3 - 8*m**2 + 8*m - 4. Let s be h(-9). Suppose 0 = -s*y + 363 + 532. What are the prime factors of y?
179
Let w = -4 + 14. Let u be (292/w)/((-12)/(-60)). Suppose -4*h = 20, -4*a + u = -h - 63. What are the prime factors of a?
3, 17
Let i(h) = 7*h**2 + 14*h. Let x be i(-6). Suppose 0*z - x = -3*z. List the prime factors of z.
2, 7
Suppose 6 - 15 = -3*f. Suppose 11 = f*q - 4*p, -3*q + 3*p = -6 - 6. What are the prime factors of q?
5
Suppose -96*k + 92*k + 11194 = o, -o = 2. What are the prime factors of k?
3, 311
Suppose 0 = 3*w + 4*f - 16185, -4*w - 64*f = -67*f - 21555. What are the prime factors of w?
3, 599
Suppose 5*o = 4*m - 705, -652 = -4*m + o + 65. List the prime factors of m/(-14)*(-28)/3.
2, 3, 5
Suppose 4*j + 580 = -4*z, 2*z + 71 = j + 231. What are the prime factors of (1/(-5) + 1)/((-10)/j)?
2, 3
Let k(z) = -z**3 + 6*z**2 - z + 5. Let x be k(5). What are the prime factors of (-10)/x + (-756)/(-15)?
2, 5
Let g(n) = 1133*n**2 - 16*n - 1. List the prime factors of g(-1).
2, 7, 41
Let m = -6 + 2. Let s = 6 + m. Suppose -s*t = -24 + 6. What are the prime factors of t?
3
Let p = 593 - -360. Suppose -965 = -5*b + 5*u, 5*b + 0*b - p = -u. What are the prime factors of b/6 - (-1)/6?
2
Suppose -3*w - 2*t + 16 = 0, w + t = 5*t - 18. Let n be (4 - (11 + -3)) + w. Let f(i) = 2*i**2 - 2*i - 3. What are the prime factors of f(n)?
3
Suppose 4*v + 0*v - 4*s = 1676, -v = s - 429. Suppose v = 6*m + 136. List the prime factors of m.
2, 3
Suppose -319 = -3*a - 70. Let g = a + -58. What are the prime factors of g?
5
Let u(y) = 4*y**2 + y - 7. Let v(j) = -j**2. Let n(g) = -u(g) - 5*v(g). Let t be n(-7). Suppose 0 = 5*m - 117 - t. List the prime factors of m.
2, 3
Let z be (-3)/(-6)*40*2/4. What are the prime factors of (-4)/z - (1248/(-10))/2?
2, 31
Let u = -9 + 9. Suppose -2*t = u, -5*t - 155 = -4*p - p. What are the prime factors of p?
31
Let b(d) = 165*d - 67. List the prime factors of b(6).
13, 71
Let q(r) = -r**3 + 9*r**2 - 16*r - 7. Let y be q(7). What are the prime factors of 12/(-2)*(9 + y)?
2, 3
Let b be 275/1 - -1*4. What are the prime factors of ((-6)/(-2))/(27/b)?
31
Suppose -g - 4*w = -2662 + 180, 0 = -3*g - 5*w + 7439. What are the prime factors of g?
2, 3, 7, 59
Let t(x) = 221*x**3 + x**2 - x. Let d be t(1). Suppose 0 = 5*m - 134 - d. What are the prime factors of m?
71
Let g(h) = 11*h - 12. Let f be g(4). Let o = 94 + f. List the prime factors of o.
2, 3, 7
Suppose 2*k = 4*k + 20. Let b(i) = -i**3 - 9*i**2 + 7*i + 2. List the prime factors of b(k).
2
Let k(w) = w**2 - w + 156. Let d be (-10)/20 + 2/(-8)*-2. What are the prime factors of k(d)?
2, 3, 13
Let t(o) = -8*o + 684. What are the prime factors of t(14)?
2, 11, 13
Suppose -3*d = -2*d + 20. Let s be 4/(-10) - 48/d. Suppose 4*y - 66 = -s*o - 0*y, 0 = -2*o + 2*y + 48. List the prime factors of o.
3
Let i be 10/(-10)*(0 - 20). Suppose -u + 5*u = i, 5*u - 553 = -4*h. What are the prime factors of h?
2, 3, 11
Let d = 34 - 244. Let y = d + 320. List the prime factors of y.
2, 5, 11
Suppose 1230 = 34*c - 29*c. Let h = c - 144. List the prime factors of h.
2, 3, 17
Let y(q) be the first derivative of 2*q**3/3 + 3*q**2 - 3*q - 11. What are the prime factors of y(-5)?
17
Let z(n) = n**2 + 6*n - 49. List the prime factors of z(-36).
1031
Suppose 9 = p - 3*y, 0*p = -p - 3*y - 3. Suppose -3*c - p = -42. What are the prime factors of c?
13
Let h be (37/4)/(3/(-12)). Let v = 0 + h. Let f = v - -73. List the prime factors of f.
2, 3
Let v(h) be the second derivative of -h**5/20 - h**4/12 - h**3/3 + 6*h. Let j be v(-2). Let p = 6 + j. List the prime factors of p.
2, 7
Let g = 1405 - 572. List the prime factors of g.
7, 17
Suppose -3*u + 2*t = 17, -t = 4*t - 5. Let j(k) = -k + 1. Let r(x) = -9*x + 2. Let m(z) = u*j(z) + r(z). What are the prime factors of m(-4)?
13
Suppose -276*j = -296*j + 3900. List the prime factors of j.
3, 5, 13
Let y(p) = -p**3 - 29*p**2 - 66*p - 76. What are the prime factors of y(-29)?
2, 919
Suppose 2*y = w + 3, 0 = 4*y - 5 + 1. What are the prime factors of 246 - 12 - -3*(w + 0)?
3, 7, 11
Suppose -t + 0 = 4*p + 2, -38 = -3*t - p. Let w be (-8)/28 - 94/t. Let v = w + 9. What are the prime factors of v?
2
Let r be 2*4/12 + 1102/(-6). Let u = -79 - r. List the prime factors of u.
2, 13
Let n = -76 + 127. Suppose -54*z = -n*z - 174. List the prime factors of z.
2, 29
Let h(y) = y + 3. Let b be (6/9)/(8/12). Let c = b + 9. List the prime factors of h(c).
13
Let t(c) = 2*c**2 - c + 2. Let h be (4 + 8)/(-4) + 4. What are t